is the remainder when 51 is divided by g?
6
Let o(p) = -p - 9. Let t be o(-4). Let z = t + 9. What is the remainder when 23 is divided by 1/(-4*z/(-192))?
11
Let g(l) = -23*l + 50. Calculate the remainder when 134 is divided by g(2).
2
Suppose 0 = 2*k - x - 4*x - 56, -4*x - 56 = -2*k. Let c(d) = -2*d - 8. Let g be c(-8). Suppose 0 = 2*z - z - g. Calculate the remainder when k is divided by z.
4
Let t = 6 - 13. Let b = t - -10. Suppose -5*x + b*s = -133, -3*x + 2*s + 58 = -22. Calculate the remainder when x is divided by 9.
8
Let q = -421 + 601. Calculate the remainder when 7 is divided by (-6)/(-10) - q/(-75).
1
Suppose 2*i + 2 = -h - h, 0 = 2*i - 2*h + 18. Let c(x) = 2*x + 19. Calculate the remainder when 43 is divided by c(i).
7
Calculate the remainder when 187 is divided by (-1)/((-2)/(-376)*-2).
93
Suppose -5*k - 2*r = -47, -k - 1 = -23*r + 26*r. Calculate the remainder when 646 is divided by k.
8
Let k be (-7932)/(-30) - 3/(-5). Suppose 0*w + 106 = 2*w + 5*v, -k = -5*w - 3*v. Calculate the remainder when w is divided by 11.
9
Calculate the remainder when 195 is divided by (540/16)/5 + (-1)/(-4).
6
Suppose f = -3*m - 2*f - 9, 0 = 3*m - 5*f - 23. Suppose 0 = 2*r - r - 2. Suppose 0 = 2*z, -5*n = -4*n + r*z - 1. What is the remainder when m is divided by n?
0
Suppose -24*a = -x - 21*a + 112, -4*a = 8. What is the remainder when x is divided by 16?
10
Suppose 79 = 3*t - 5. Let k = t + -20. Calculate the remainder when k is divided by 6.
2
Let p(d) = 17*d**3 - d**2 + d - 1. Calculate the remainder when (-2 + (-52)/(-3))/((-20)/(-60)) is divided by p(1).
14
Let r(m) be the second derivative of -m**5/5 - m**4/12 - m**3/6 + m**2/2 + 2*m. Let a be r(1). Let u = 24 + a. What is the remainder when u is divided by 11?
8
Suppose 5*a + 3*h - 47 = 0, 2*h - 48 = -4*a - 3*h. What is the remainder when 39 is divided by a?
4
What is the remainder when 314/5 - (-12)/60 is divided by 40?
23
Let p(g) = 9*g**2 - 7*g - 6. Let w be (-5)/((-90)/(-14)) + (-12)/54. Let k(i) = -6*i**3 - i**2 - 3*i - 1. What is the remainder when k(-2) is divided by p(w)?
9
What is the remainder when 104/(1 - (-16)/(-24)) is divided by 9?
6
Suppose o - y - 7 = -0*y, 2*o - 3*y - 19 = 0. Let x = 13 - o. Calculate the remainder when 32 is divided by x.
10
Let o(i) = -70*i - 1. Calculate the remainder when o(-1) is divided by (15/(-5))/(((-1)/12)/((-1)/(-2))).
15
Suppose 3*z - 137 = -11. Suppose -3*v + 10 + 2 = 0. Suppose -f + g + 11 = 2*g, 0 = -v*f - g + 44. What is the remainder when z is divided by f?
9
Let z be -274*(-2)/(-8)*-2. Suppose -4*f - 33 = -z. Let h = 53 - -49. Calculate the remainder when h is divided by f.
24
Suppose 33*y - 31*y = -2*b + 328, 0 = b - 2*y - 152. What is the remainder when b is divided by 15?
10
Let u = 12 + -4. Let o(s) be the third derivative of -s**4/12 + s**3/6 + 3*s**2. What is the remainder when o(-6) is divided by u?
5
Let i(o) = 2*o**2 + o. Let t be i(1). Suppose -t*z + 26 = 20. What is the remainder when 26/(-1)*(-3)/z is divided by 10?
9
Let w(k) = 6*k**2 + 8*k - 3. Calculate the remainder when w(-5) is divided by 48.
11
Let i be 111 + (-2)/4*0. Let l be 0 + (-4)/((-12)/i). Suppose -61 = -5*f + 3*c, 0 = f - 4*f + 2*c + l. Calculate the remainder when 31 is divided by f.
9
Suppose 57*s - 70*s = -16822. Calculate the remainder when s is divided by 37.
36
Suppose -2*m + 37 = 14*r - 13*r, 0 = -m + 4*r + 5. Suppose g = 2 + 7. Calculate the remainder when m is divided by g.
8
Suppose -413*b = -406*b - 812. What is the remainder when b is divided by 31?
23
Suppose -4*v = -2*x + 72, -5*x + 14*v - 12*v + 156 = 0. Calculate the remainder when 207 is divided by x.
27
Suppose 12*k + 4*d = 11*k + 9, 4*k - 5*d = 15. Let f(s) = s - 2. Let z be f(3). Suppose -z + 66 = k*u. What is the remainder when 36 is divided by u?
10
Let i(p) = -2*p - 5*p**2 - 7*p**3 - 8*p + 6*p**3 - 5. What is the remainder when i(-6) is divided by 23?
22
Let k(r) = -r**3 + 9*r**2 + 6*r + 2. Let o be k(9). Let x = o + -33. Calculate the remainder when 68 is divided by x.
22
Suppose 4*l + l + 55 = 0. Let b = -8 - l. Suppose -5*x + 40 = -3*u, 18 = 3*x + b*u - 30. What is the remainder when x is divided by 4?
3
Suppose p - t - 18 = -2, 4*p - 46 = -2*t. Calculate the remainder when 402 is divided by p.
12
Suppose -14 = 5*y - 4*s + 17, 5*y - 3*s + 27 = 0. Calculate the remainder when 0 + y + (14 - 4) is divided by 4.
3
Suppose 5*b + 2855 = 3*j, -5*b + 1339 - 6114 = -5*j. What is the remainder when j is divided by 37?
35
Suppose -1868 + 1978 = 10*y. What is the remainder when 470 is divided by y?
8
What is the remainder when 559 is divided by (-348)/290 + (-361)/(-5)?
62
Let z be 4/18 + (18440/(-36))/10. Let h = -49 - z. Calculate the remainder when h is divided by 2.
0
Suppose 35*j = 958 - 118. What is the remainder when 142 is divided by j?
22
Suppose -99 = -56*z + 53*z. What is the remainder when 291 is divided by z?
27
Let o(m) = 9*m - 30. Let b be 34 + ((-9)/(-3))/1. Let c = 73 - b. Calculate the remainder when o(11) is divided by c.
33
Let z be ((-3)/(-9))/((-3)/(-117)*1). Suppose 10*f = z + 97. Calculate the remainder when 74 is divided by f.
8
Let v(n) = -34*n - 1. Let t be v(-1). Let m = t + -125. What is the remainder when (m - -1)*(-3 + 2) is divided by 23?
22
Suppose -5*g + 2*s = 44, -2*g - 30 = 3*g + 5*s. Let i be 0/3 - (-1 - -1). Calculate the remainder when 11 is divided by g/10*(-5 + i).
3
Suppose 2*u + 1 - 9 = 0. What is the remainder when 1632/112 + u/(-7) is divided by 8?
6
Suppose 3*l + 12 = 0, -p + 5*l + 6 = -3*p. Let z(q) = 464*q + 5129. What is the remainder when z(-11) is divided by p?
4
Let s = 20 - -12. Suppose -3*m + 9 = 0, 2*v = -0*v + 2*m + s. Calculate the remainder when v is divided by 8.
3
Let d = 18 - -59. What is the remainder when d is divided by 2?
1
What is the remainder when 56 is divided by 15/(120/(-32)) + 0 + 23?
18
Suppose -590 = -7*m - 107. Calculate the remainder when 274 is divided by m.
67
Suppose -5*o + 3*o + 79 = -3*h, -5*o = -h - 191. Calculate the remainder when 52 is divided by o.
14
Suppose 0*d - 3*t - 43 = -d, -5*d = -t - 173. Suppose -v + 0*v = -5*f - d, 3*f - 34 = -v. Calculate the remainder when 133 is divided by v.
31
Suppose -c + 2*l = -12, -22 = -5*c + 4*l + 26. Calculate the remainder when 4 is divided by (12/c + -2)*-2.
0
Suppose -3*x + 33 = 3*y - 27, -3*y - x = -70. Let j = -2390 + 2460. Calculate the remainder when j is divided by y.
20
What is the remainder when 221 is divided by (63/(-12))/(406/(-464))?
5
Suppose -9*k + 265 = -4*k - 5*m, -2*m - 50 = -k. What is the remainder when 152 is divided by k?
40
Let n(u) = u**2 + u + 4. Let d be n(0). Suppose 15 = g + 3*z - 4*z, 0 = 2*g + d*z. Let h = 17899 + -17893. What is the remainder when g is divided by h?
4
Suppose 0 = -8*d + 4*d + 36. Suppose 5*a - 5*u = 15, -27*a + 36*a = 4*u + 32. Calculate the remainder when d is divided by a.
1
Let x(s) = -s**2 - 22*s - 21. Let t be x(-15). Let a = t - 59. What is the remainder when 49 is divided by a?
24
Let c(h) be the third derivative of 13*h**6/120 + h**5/60 - h**4/12 + h**3/6 - h**2. Let n = -28 - -65. What is the remainder when n is divided by c(1)?
11
Let i = -214 + 304. Suppose 5*w - 4*w = 46. Suppose -3*o = -5*o + w. What is the remainder when i is divided by o?
21
Suppose 1 - 4 = -3*p. Let d be (5/(-15))/(p/(-18)). Suppose -121 = -d*o + 149. Calculate the remainder when o is divided by 12.
9
Suppose d - 83 = -2*j, -46*j - d - 43 = -47*j. What is the remainder when 150 is divided by j?
24
Let t be 5/(15/9) + 4. Let h = 11 - t. Suppose -3*r + h*s = -r - 126, 3*r + 2*s = 189. Calculate the remainder when r is divided by 13.
11
Suppose 0 = 3*z - 12 - 18. Let u(r) = 5*r**3 - 14*r**2 - 6*r - 4. Calculate the remainder when u(4) is divided by z.
8
Let i be 0/(-2) + (-1 - -1). Let u(z) = -z + 34. Let b be u(20). Suppose -4*d + 42 + b = i. What is the remainder when 52 is divided by d?
10
Suppose 14*r - 300 = 4*r. What is the remainder when r is divided by 22?
8
Let h(r) = r**3 + 6*r**2 - 16*r + 12. Calculate the remainder when 222 is divided by h(-7).
72
Suppose 0 = -0*q + 5*q - 60. Let p be 24/(-14)*189/(-18). What is the remainder when 634/p + (-8)/36 is divided by q?
11
Suppose -5*x + 63 = 4*z + 17, 0 = 5*z + 5. Let o be ((-1)/1)/((-3)/63